e remainder when 75 is divided by (4 - 19)/((70/(-12))/7).
3
Let y = -637 + 961. Calculate the remainder when y is divided by 66.
60
Let i(k) be the first derivative of -k**4/2 - 35*k**3/3 - 9*k**2 - 9*k - 24. Calculate the remainder when i(-17) is divided by 6.
2
Suppose o = 5*d + 29, 3*o + 4*d = -o + 164. Let t be 4/(-4) + 3*11. Let g = -24 + t. Calculate the remainder when o is divided by g.
7
Let i(w) = w**2 - 3*w - 2. Let b(n) = -3*n + 97. What is the remainder when b(17) is divided by i(5)?
6
Let d(l) = 2*l**2 + 8. Let b be d(4). Let k = -33 + b. What is the remainder when 27 is divided by k?
6
Let o(c) = -c**2 + 33*c + 240. Calculate the remainder when 198 is divided by o(38).
48
Let i = -250 + 288. Calculate the remainder when 302 is divided by i.
36
Let g = 54 - 13. Suppose 3*h - 43 = g. Let c = h - 6. Calculate the remainder when 63 is divided by c.
19
Suppose -u - 4*m + 419 = 0, -m = -4*u - 3*m + 1718. What is the remainder when u is divided by 24?
23
Let d(n) = n. Let q(j) = -5*j + 3. Let h(g) = -2*d(g) - q(g). Let b be h(0). What is the remainder when -1 + (b - -36 - -4) is divided by 10?
6
Calculate the remainder when 145 is divided by 12*-1*(-1 - (-6)/(-18)).
1
Suppose 2*t = -q + 677, t + 5*q - 321 = 8*q. What is the remainder when t is divided by 26?
24
Let o(k) be the second derivative of k**5/20 + k**2/2 + 4*k. Let r be o(0). Calculate the remainder when (0 - (r + -4)) + 11 is divided by 4.
2
Let i = 625 - 518. Calculate the remainder when i is divided by 19.
12
Let g(x) = -4*x + 7*x - x + 0*x. Calculate the remainder when g(14) is divided by 15.
13
Suppose d - 2*o + 0*o + 6 = 0, 0 = d - 5*o + 21. Suppose -17*p + d*p = -221. Calculate the remainder when 32 is divided by p.
15
Let n = 8 - -12. Suppose -6*d + 3 = -3*d, -5*d = 4*b - 21. What is the remainder when n is divided by -11*(-2 + b + -3)?
9
Suppose 0*j - 2*j + 300 = 4*u, 225 = 3*u + 2*j. Let y = -32 + u. Calculate the remainder when y is divided by 9.
7
Let a(n) = 7*n - 32. What is the remainder when 10 is divided by a(6)?
0
Suppose p = 3*d - 3 + 13, 0 = -d - 3*p - 20. Let v = 1 + -2. Calculate the remainder when 30 is divided by (48/15)/(v/d).
14
Let y = -10 - -23. Suppose -s + 6*s - 20 = 0, 21 = 3*a + 3*s. What is the remainder when y is divided by a?
1
Suppose -39 = -2*a - 3*c + 50, 3*a - c - 117 = 0. Suppose -b = 4*x - 3 + 10, 4*b = x + a. Calculate the remainder when 44 is divided by b.
8
Let h(m) = m**2 - 4*m + 5. Let d be h(4). Suppose -4*b - 5*n = -136, 12 = -d*n - 8. What is the remainder when b is divided by (6 + (-38 - -4))/(-1*2)?
11
Let r = -29 + 29. Suppose r*q - 5*n = -2*q + 42, -4*n - 88 = -5*q. Let f = 50 + -19. What is the remainder when f is divided by q?
15
Suppose -f - 6 = f. Let z(w) = -7*w + 4. Suppose 2*h - 325 + 131 = 0. What is the remainder when h is divided by z(f)?
22
Let v = 37 + -34. Suppose 5*x + v*t = 122, t = -3*t + 16. Let o(d) = d**3 - 2*d**2 - 3*d + 3. What is the remainder when o(5) is divided by x?
19
Let s(u) = u**3 - 2*u**2 + u + 32. Let t = -5 + 11. Suppose 2*j = -z + t*z - 25, -j = 5*z - 25. Calculate the remainder when s(j) is divided by 11.
10
Let f = -519 - -793. Suppose -2*n + f = 4*p, 2*p + 3*n - 279 = -2*p. Calculate the remainder when p is divided by 17.
15
Let s(t) = t**2 + 4*t + 4. Let n(x) = 2*x**2 + 16*x + 2. Let w be n(-8). What is the remainder when s(-4) is divided by w/(-11) - (-65)/55?
0
Suppose 12 = 3*u + 3. Suppose u*s - 126 = -4*s. What is the remainder when s is divided by 10?
8
Let o(n) = -n - 2. Let w(c) = -10*c - 19. Let h(j) = -14*o(j) + 2*w(j). What is the remainder when h(-9) is divided by 15?
14
Let z(j) = -31*j + 3. Suppose 2 + 13 = 5*i. Let a be z(i). Calculate the remainder when 65 is divided by 155/9 + 20/a.
14
Let g = -1294 + 1309. Suppose 3*l - 38 = l. Calculate the remainder when l is divided by g.
4
Suppose 87 = 2*u - 107. Let d = u - 7. Calculate the remainder when d is divided by 23.
21
Let d = 155 - 104. Let a = -32 + d. What is the remainder when 36 is divided by a?
17
Let f(k) = -k**2 + k - 1. Let x(z) = 11*z + 2. Let c(u) = f(u) - x(u). Calculate the remainder when 42 is divided by c(-5).
20
Let j(x) = 2*x**2 + 55*x - 8. Calculate the remainder when 65 is divided by j(-28).
5
Suppose 5*v + 15 = -2*f - f, -20 = -3*v + 4*f. Let j = -11 - v. Let y = j - -20. Calculate the remainder when 17 is divided by y.
8
Let a(h) = h**3 + 8*h**2 + 2*h - 11. Suppose -3*i - 18 + 93 = 0. Calculate the remainder when a(-6) is divided by i.
24
Suppose 4*b - 3*r - 17 = 0, 28*b - 25 = 24*b - 5*r. Calculate the remainder when b is divided by 2.
1
Let s(q) = -q**3 - 17*q**2 + 59*q - 19. Suppose 0 = -a - 2*p, -3*p = a + 2*a - 3. What is the remainder when a is divided by s(-20)?
0
Suppose -2*q - 44 + 170 = 0. Calculate the remainder when 125 is divided by q.
62
Let a(m) = 4*m**2 + 5*m - 2. Suppose 0 = -3*b - b + 104. Calculate the remainder when a(3) is divided by b.
23
Let u(k) = 3*k - 3. Let j be u(-14). What is the remainder when -24*3/(j/130) is divided by 21?
19
Let t = 4 - -12. Suppose -3*l - l = -t. What is the remainder when 23 is divided by 108/20 + l/(-10)?
3
Let j(t) = -t**3 + 47. Suppose -10*n - 26 = -11*n. What is the remainder when j(0) is divided by n?
21
Let a = 195 + -109. Calculate the remainder when a is divided by 22.
20
Calculate the remainder when 245 is divided by (-2 - 0) + (22 - 2).
11
Suppose 9*q - q - 944 = 0. Calculate the remainder when q is divided by 40.
38
Suppose -3631 + 607 = -6*i. Suppose -2*t - 108 = -i. Calculate the remainder when t is divided by 40.
38
Let v(i) = -9*i - 140. Suppose 4*x + x = 150. What is the remainder when v(-22) is divided by x?
28
Suppose 27 = 9*u - 0. Suppose -2*g - 24 = -u*a, 4*a - 21 = -5*g + 11. What is the remainder when 37 is divided by a?
5
Let s = -37 + 76. Calculate the remainder when 816 is divided by s.
36
Let j = -21 - -31. What is the remainder when 14 is divided by j?
4
Let t = 57 + -37. Suppose -3*y - 2*x + 64 = -3*x, x = y - t. What is the remainder when y is divided by 6?
4
Let p = -22 + 39. Let q be -15 + p + (-1 - 1). Suppose 0 = -2*j - q*j + 5*c + 3, 4*j = -2*c + 42. Calculate the remainder when 17 is divided by j.
8
Suppose 0*p - 5*p = 2*t - 30, -t + 12 = 4*p. What is the remainder when (-3)/2*-2 - -28 is divided by (-64)/t*(-2 - 3)?
15
Suppose -3*s + 22 = -4*w - 976, 2*w = -3*s + 1004. Calculate the remainder when s is divided by 157.
20
Suppose -2*i + 33 + 15 = 3*f, -2*i + 64 = -5*f. What is the remainder when i is divided by (-12)/(-6) - (-16 - -3)?
12
Suppose 9*y = 10*y - 12. Calculate the remainder when 122 is divided by ((-186)/y)/(1/(-2)).
29
Suppose 0 = -j + 2*d + 82, -4*j + d + 455 = j. Calculate the remainder when j is divided by (-3)/(-1)*((-2)/(-8) + (-1843)/(-228)).
17
Let c(t) = t**3 + 7*t**2 + 3*t - 3. Let z be 60/(-40)*(-20)/6. What is the remainder when c(-5) is divided by ((-22)/z)/((-2)/5)?
10
Suppose 4*l - 3*z = 62 + 229, -5*l - 4*z = -387. Calculate the remainder when 749 is divided by l.
74
Let i(z) = -z**2 - 21*z + 8. Let a(s) = -11*s + 13. Let d be a(3). Let h(y) = -6*y - 3. Calculate the remainder when i(d) is divided by h(-3).
13
Suppose 23*v - 630 = -40*v. What is the remainder when v is divided by 4 - 2/(2 - 0)?
1
Let o(u) = u**3 - 8*u**2 + 3*u - 2. Let f be o(8). Let y = 59 - f. Calculate the remainder when y is divided by 10.
7
Suppose -6*u + 18 = -0*u. Suppose u*b = b + 30. Calculate the remainder when 4/(-10) + 96/b is divided by 4.
2
Let t = 2 + 4. Suppose -33*b = -51*b + 378. What is the remainder when b is divided by t?
3
Let j = 476 - 439. Calculate the remainder when 115 is divided by j.
4
Let t(j) = -10 + 3 + 1 - 5*j + 0. What is the remainder when t(-5) is divided by 10?
9
Suppose 2*t - 595 = 4*l - 77, -3*l - 783 = -3*t. Calculate the remainder when t is divided by 69.
56
Let d = 120 - 4. What is the remainder when d is divided by 15?
11
Suppose 0 = 2*b - 4*b + 138. Calculate the remainder when b is divided by 390/40 + (-9)/12.
6
Let k(q) = -46*q - 7. Let b be k(-2). Let s = b + -55. What is the remainder when (1/(-3))/((-1)/267) is divided by s?
29
Let a(q) = 3*q**3 + q**2 - 4*q. Let x be a(3). Let d = 96 - x. Calculate the remainder when 59 is divided by d.
5
Suppose -35 = 11*r - 12*r + 2*